Suppose 19 = -2*g + 75. What is the highest common factor of g and v?
14
Suppose -3*j = -12 - 12. Suppose 2*d + 8*d = 40. Suppose 5*w - 24 + 9 = 0, h = d*w + 28. What is the highest common divisor of j and h?
8
Let r = -13 - -12. Let v(i) = -8*i**3 - 2*i**2 - i. Let a be v(r). Let j be a*(-6)/63*-15. What is the greatest common divisor of 15 and j?
5
Let t(y) = 2*y**3 - y**2 - 15*y - 9. Let h be t(7). Suppose -16*f = -5 - h. What is the highest common factor of 132 and f?
33
Let p = -405 + 577. Calculate the greatest common factor of p and 387.
43
Let v(k) = 4*k**2 + 5*k - 6. Let b = -23 - -15. Let q be v(b). Suppose -110 = -4*p - 2*t, 13*t = 17*t + 20. Calculate the highest common factor of p and q.
30
Suppose 5*o - 6 = 2*o, -16 = -f + o. Let x = 139 + -94. What is the greatest common factor of x and f?
9
Suppose 8*l + 25 = 3*l. Let m = 9 + l. Suppose -42 = -m*i + 134. What is the highest common divisor of i and 66?
22
Let c(q) = -16*q - 160. Let a be c(-20). Let w(u) = 32*u**3 + u - 1. Let z be w(1). Calculate the highest common divisor of z and a.
32
Suppose 45*j = 50*j. Suppose j = -4*q + 3*v + 769, 4*q + 0*v - 809 = -5*v. What is the greatest common factor of 28 and q?
28
Let q = 85 - 70. Calculate the highest common divisor of q and 345.
15
Let s be (-1)/(-2) - 39/(-2). Let m = -13 + 24. Let w = 19 + m. What is the highest common factor of w and s?
10
Let k(f) = 23*f**2 + 24*f - 3. Let v be k(-3). What is the highest common divisor of v and 180?
12
Suppose 61*g - 576 = 49*g. What is the highest common divisor of 18 and g?
6
Suppose -2074 = -4*r + 410. What is the greatest common factor of 27 and r?
27
Let h(l) be the third derivative of l**6/120 - 13*l**5/60 + 7*l**4/12 - 11*l**3/6 - 33*l**2. Let u be h(12). What is the greatest common divisor of u and 221?
13
Let n(t) = 44*t**2 + 1. Let i be n(1). Let z be (-3)/2*14 - (0 - 0). Let k = z + i. Calculate the highest common divisor of k and 60.
12
Let c be (1/(-2))/((-2)/16). Suppose 51*w - 144*w = -930. What is the greatest common factor of w and c?
2
Let c(f) = f - 1. Let n(q) = q**2 + 2*q - 14. Let m(a) = 2*c(a) - n(a). Let w be m(5). Let k = w - -18. Calculate the highest common divisor of 40 and k.
5
Let h(b) = -b**2 + 26*b - 9. Let i(p) = -2*p**2 + 53*p - 18. Let d(q) = -7*h(q) + 4*i(q). Let w be d(24). Calculate the greatest common divisor of w and 15.
15
Let p = 17 + -15. Suppose c = -c + 5*k + 20, -c - p*k = -28. What is the greatest common factor of 160 and c?
20
Suppose 3*g - 3 = 3. Let b be 8/(-12)*(3 + -42). Calculate the greatest common divisor of g and b.
2
Let g = 143 - -4. What is the highest common divisor of g and 3?
3
Suppose 0*j = 4*j - 124. Suppose -5*b = -106 + j. Let a = 42 - 36. Calculate the greatest common divisor of a and b.
3
Let t(w) = w**3 - 7*w**2 + 12*w. Let o be t(4). Suppose m + 3*m - 620 = o. Calculate the highest common factor of m and 31.
31
Let v be ((-7552)/(-192))/(4/30). Calculate the greatest common factor of v and 118.
59
Let r(b) = -2*b + 10. Let x be r(9). Let i be x/(-3)*9/4. Calculate the highest common divisor of i and 9.
3
Let f = -46 + 49. Suppose 5*x - 350 = -2*q, -f*x - q + 139 = -x. Calculate the greatest common factor of x and 24.
24
Suppose 2*k - 117 = 4*p - 9, -3*k = -4*p - 168. Calculate the greatest common divisor of 24 and k.
12
Let b = -317 + 367. What is the highest common divisor of 1600 and b?
50
Let d = 455 + -410. Calculate the highest common divisor of 15 and d.
15
Let b be 462/56 + (-2)/8. Suppose 2*a + 4*m = 5*m + b, 2*a - 3*m = 4. What is the highest common divisor of a and 3?
1
Let t = 102 - 98. Suppose t*g - 21 = 5*x, -2*g + g + 6 = -x. Calculate the highest common factor of g and 81.
9
Let u be 2*(-4)/(-16) + 4/(-8). Suppose 5*t - 292 - 83 = u. Let h(y) = -29*y**3 + y**2. Let j be h(-1). Calculate the greatest common divisor of t and j.
15
Let k be (0 - 1)/(2/(-4)). Suppose -40 = -k*j - 22. Let u be 986/10 - (-4)/10. Calculate the greatest common factor of j and u.
9
Suppose 4*i = 4*g, -3*i + 2*i = -2. Suppose 52 = g*p - 8. What is the highest common factor of 15 and p?
15
Let l be (53 - 11)*1/2. Let b = -31 + l. Let s(z) = z**2 + 9*z - 8. Let w be s(b). What is the highest common factor of 14 and w?
2
Let q = 55 - 45. Suppose 0 = -q*z + 758 + 22. What is the highest common divisor of z and 6?
6
Let y be ((-3)/(-6))/(2/240). Suppose -3*r = -3*d + 341 - 86, 3*r + 345 = 4*d. Calculate the highest common factor of d and y.
30
Suppose 4*v - 826 = -5*t, -4*t - 502 = -7*t - 4*v. What is the greatest common divisor of t and 18?
18
Let z(f) = -2*f + 14. Let y be z(0). Let n = y - 11. Suppose -g + n*i + 96 = 0, -2*g = -3*i + 4*i - 220. Calculate the greatest common factor of g and 12.
12
Let a(w) = 2*w - 4 - 1 + 8*w. Suppose -h - 2*j + 5 = -4, -5*j = 4*h - 30. Let b be a(h). Calculate the greatest common divisor of b and 15.
15
Let l(f) = -f**2 - 8*f - 5. Let i be l(-6). Let z be -1 - (-1 + -5*(-3)/3). Let m = i + z. Calculate the highest common divisor of m and 10.
2
Let b(a) = 10*a**2 + a - 20. Let g be b(10). Calculate the greatest common divisor of g and 10.
10
Let y be (-204)/(-28) + (-4)/14. Suppose 0 = -r + 5*w + y, -3*w = -r - 6 + 13. What is the highest common divisor of 49 and r?
7
Let v(h) = 3*h**2 + 0*h**2 - 2*h**2 + 5*h - h**3 - 4*h**2. Let d be v(-4). Let k = 52 + d. What is the highest common factor of 8 and k?
8
Let y = -559 - -654. What is the greatest common divisor of 1520 and y?
95
Let l = -1120 - -1150. What is the greatest common divisor of 160 and l?
10
Let r = -710 - -1900. What is the highest common divisor of r and 140?
70
Let m(h) = -71*h**2 + 2*h + 11. Let d(f) = -35*f**2 + f + 5. Let b(p) = -7*d(p) + 3*m(p). Let w be b(-1). What is the greatest common divisor of 31 and w?
31
Suppose -5*h - 3*q + 42 = -94, 5*q = -15. Let l be (h - -3)/(2/(-4)). Let y be (2 - -1) + l/(-2). What is the greatest common factor of 7 and y?
7
Let y = -624 - -633. What is the highest common divisor of 315 and y?
9
Suppose -39 = -0*k - 3*k. Suppose -11*r = -k*r + 6. Suppose g - 10 = -r. Calculate the highest common divisor of g and 1.
1
Suppose -3*d - 3*h + 15 + 0 = 0, -3*d = -3*h - 3. Suppose g - d*u = 9, -5*u - 35 + 0 = -3*g. Let o = -179 + 194. What is the highest common factor of o and g?
15
Suppose 0*f + 3*f = z + 41, 57 = 3*f + 3*z. Suppose 3*a - 8*a = -f. Suppose -a*p + 0 = -9. Calculate the highest common factor of 6 and p.
3
Suppose 0 = 5*v - 2*u - 47, -3*v = -4*v + 2*u + 11. Let x(b) = 25*b - 1. Let r be x(4). What is the greatest common factor of r and v?
9
Let j(z) = -z**3 + 8*z**2 - 5*z + 6. Let g be j(7). Suppose -8*p + 9*p - g = 0. Calculate the greatest common divisor of p and 80.
20
Suppose -j - 4 = 0, -3*j - 126 - 150 = -4*u. Let g = u + -30. Suppose 2*z = 4*z - g. Calculate the highest common factor of 72 and z.
18
Suppose 4*k + 55 = 5*f - 0*f, -71 = 5*k - 4*f. Let u(n) = -n**3 - 16*n**2 - 16*n + 5. Let a be u(k). Calculate the highest common factor of 5 and a.
5
Let t = 366 + -245. Let a(m) = 2*m**3 - 2*m**2 + m + 1. Let o be a(2). What is the greatest common divisor of t and o?
11
Let w = 249 - 495. Let t = -92 - w. Calculate the greatest common factor of 22 and t.
22
Suppose 5*w - 48 = 2*n - 21, 2*n - 43 = -5*w. Suppose 80 = -3*x + w*x. What is the highest common divisor of 100 and x?
20
Let b = -857 + 902. What is the greatest common divisor of b and 243?
9
Let v = 9418 - 9238. Suppose 2*x + 3*i - 4*i = 45, 5*x - 95 = -i. What is the greatest common factor of x and v?
20
Let r(a) = a**3 - 15*a**2 + a - 21. Let j be r(15). Let f = j - -15. What is the greatest common factor of f and 81?
9
Let k(d) = -d**2 - 8*d + 11. Let i be k(-9). Let s be 4 + -3 + i - (-7 + -2). Calculate the highest common factor of 84 and s.
12
Let o = 531 + -516. Let m = 31 - -14. What is the greatest common factor of o and m?
15
Suppose 6*d - 5 = 5*w + 3*d, 5*w + 2*d = 20. Suppose w*g = -g + 9. Let z be 11 - (g - (6 + 0)). Calculate the greatest common factor of z and 7.
7
Let a = -13 + 122. Suppose 99 + a = 8*z. Calculate the greatest common factor of 208 and z.
26
Let l be ((-1)/2)/((-5)/(-60)). Let s(u) = -8*u - 13. Let v be s(l). Calculate the greatest common divisor of v and 315.
35
Suppose 3*o - d - 106 = -6, -o + 24 =